+ -1 + -3). Suppose 3*c - f = -5*n + 160, 2*c - 3*n - 139 = 0. What is the tens digit of c?
6
Let n(k) = -1. Let z(y) = y**2 - 8*y - 14. Let p(g) = 5*n(g) - z(g). Let i be p(9). Suppose t = -3*h + 6*h + 207, 2*h + 6 = i. What is the units digit of t?
8
Let r(o) = -1273*o**2 + 3 + 16*o - 1 + 1276*o**2. What is the tens digit of r(6)?
0
Let b = 41395 - 7302. What is the hundreds digit of b?
0
Suppose k - 2*f = 9, 2*k + 5*f = 6*f + 3. Let c be 2 + (0 - k) + 14. Let a(s) = s**2 - 14*s - 6. What is the tens digit of a(c)?
4
Let c = 1095 + -1843. Let j = 1291 + c. What is the hundreds digit of j?
5
Suppose 2*b - 1378 = -3*v, -b + 691 = -2*v + 4*v. Suppose 2*j - 2*g - 1402 = 0, -2*j + b = -4*g - 719. What is the units digit of j?
1
Suppose 1 = l, -2*o = 2*o - 4*l - 14468. Suppose -69*w + 64*w - 4*i = -o, 0 = 4*w - 2*i - 2884. What is the hundreds digit of w?
7
Suppose -c - 4 = -p + 11, 3*p - 51 = 5*c. Let s = -14 + p. What is the units digit of (19/s)/((-5)/10)?
9
Let j be (44/6)/(-3 - 100/(-30)). Suppose j*n = 8015 + 587. What is the units digit of n?
1
Let o(u) = 7*u - 13. Let z be o(5). Suppose p - z - 13 = 0. Let a = 120 - p. What is the units digit of a?
5
What is the hundreds digit of ((-11)/6)/11 - (-170)/(-120)*-3058?
3
Let p = 70919 + -44645. What is the units digit of p?
4
Suppose -13*p + 10*p + 201 = 0. Let h = 72 - p. What is the hundreds digit of ((-8)/(-16) - h/(-2)) + 104?
1
Let w(m) = m**2 - m - 8. Let j = -18 - -14. Let k be w(j). What is the hundreds digit of (39/k)/(3/108)?
1
Let x(s) = -9*s**2 - 3*s - 4. Let i(y) = 18*y**2 + 6*y + 9. Let f(t) = -4*i(t) - 9*x(t). Let q = 812 - 814. What is the tens digit of f(q)?
3
Let w = -846 + 768. Let f = 213 - w. What is the hundreds digit of f?
2
Let x(o) = -1211*o - 7194. What is the tens digit of x(-47)?
2
Suppose 6*t + 3*v - 13785 = t, t - 2770 = 2*v. Suppose 9*s + t = 15*s. What is the tens digit of s?
6
Suppose -3*c = -6, -3*w - 2*c + 68 = -4*c. Let a = -21 + w. Suppose 70 = a*g - 119. What is the units digit of g?
3
Let m(a) be the third derivative of -a**5/60 - a**4/24 + 127*a**3/6 + 284*a**2. Let f = 2 - 2. What is the hundreds digit of m(f)?
1
Let w = -544 + 548. What is the tens digit of ((-80)/120)/(w/6)*-1090?
9
Let y = 96 - 86. Let p be (1/(-8))/(y/(-7900))*4. Suppose 4*k - p = -3*s - 0*s, -3*k - 639 = -5*s. What is the tens digit of s?
2
Let b = 4 - 1. Let i(o) = 9*o**2 - 3*o**2 + 6 + 15*o - 22*o. What is the tens digit of i(b)?
3
What is the thousands digit of (-232910)/(-11) + 536/1474?
1
What is the tens digit of -3 + (-27)/(-12) - 3017561/(-76)?
0
Let u(i) = 5*i**2 - 6*i + 7. Let m = 31 - 35. Let s be u(m). Let o = s - 24. What is the tens digit of o?
8
Suppose -7 = -x - 860. Let h = -261 - x. What is the hundreds digit of h?
5
Suppose p - 9957 = -2*w, 0 = -5*w + 3*p + 21654 + 3244. What is the hundreds digit of w?
9
Let u(q) = 25*q - 5. Suppose i - 28 = -z, -14*i - 2*z + 33 = -13*i. What is the hundreds digit of u(i)?
5
Suppose 146*h - 4*q + 37013 = 149*h, -36999 = -3*h + 3*q. What is the units digit of h?
5
Let s(r) = 2*r**3 - 56*r**2 + 52*r + 54. Let h be s(27). Suppose h = -37*c + 8502 + 10553. What is the units digit of c?
5
Let z(o) = o**3 + 7*o**2 + 6*o + 6. Let b be z(-6). Let g be (b + -5)/(1/(-2)). What is the hundreds digit of (-5 - g)*(-13)/3*8?
1
Let h(x) = -168*x + 127. Let m be h(-9). Suppose 0 = -3*c + 863 + m. What is the hundreds digit of c?
8
Let f(t) = -t**3 - t**2 - 4*t + 28. Let m be f(0). Let u = m + -23. Suppose 3*d - 4*w - 187 = w, 0 = d - u*w - 59. What is the tens digit of d?
6
Suppose -c + 299314 = 5*n, -142*c + 144*c = 18. What is the units digit of n?
1
Suppose 24492 + 10544 = 19*k. What is the units digit of (k/(-20) + -3)*-5*1?
6
Suppose -5*r = 5*c - 8100, 98*r - 102*r + 6475 = 3*c. What is the thousands digit of r?
1
Let z = 862 - 857. Suppose -5*h = -2*h + 9, -2*q + z*h = -3437. What is the hundreds digit of q?
7
Suppose -5*r - 213 = -0*m - m, 1 = r. Let t be (0 - -41)/(1 + 8/(-16)). Let x = m - t. What is the tens digit of x?
3
Let b = -32 + 32. Suppose b*m - 3*v + 477 = 2*m, 0 = 5*m - 3*v - 1245. Suppose 6*g = m + 90. What is the units digit of g?
6
What is the thousands digit of 10/45 + (-412825)/(-63)?
6
Let g be -1*(-2 - -1)*0. Let u(p) be the second derivative of p**4/12 - p**3/3 + 7*p**2 + p + 107. What is the units digit of u(g)?
4
Let n = -4220 + 3748. Suppose 3*q - q + 498 = 0. Let f = q - n. What is the hundreds digit of f?
2
Let b be ((-11 + 21)/((-1)/(-3)))/(-2). What is the tens digit of (-3 - 2)*(-4 + 3117/b)?
5
What is the units digit of ((-39)/(-2))/((423/1598)/(0 + 42))?
4
Let o(g) = 1223*g + 1147. What is the tens digit of o(13)?
4
Let m = 47 + -3. Let z be -2*m/(-8)*-1 - -1. What is the tens digit of 3 + ((-4)/z)/(1/180)?
7
Let p(t) = 345*t**2 + 280*t + 7. What is the tens digit of p(-5)?
3
Let u be (-1)/(-5) + (-7 - 204/(-30)). Suppose -x = -n + 3*n - 811, 4*n + 5*x - 1619 = u. What is the units digit of n?
6
Suppose -5*i + 22508 = -4*v - 1607, 19293 = 4*i - 3*v. Suppose 13*j - 776 = i. What is the hundreds digit of j?
4
Let d be (-124)/12 + 1/3. Let c be (3 - d) + 2 + -7. What is the units digit of (-3 - (-620)/c) + 1/2?
5
Suppose -j - m + 29 = j, j - 4*m + 8 = 0. Let h be (-4)/j - (-2555)/15. Let d = -97 + h. What is the units digit of d?
3
Suppose -29*z = -433795 - 1100796 + 348665. What is the hundreds digit of z?
8
Let w(d) = d**3 + 4*d**2 - 24*d - 26. Let i be w(-9). Let y = 379 + i. What is the units digit of y?
4
What is the tens digit of ((-1845933)/(-118))/(2/4)?
8
Let a(w) = -3*w + 69. Let i be a(22). Suppose 4*s + 1406 = 4*v - 242, -i*v + 1228 = 5*s. What is the tens digit of v?
1
Let g(t) = -3*t - 103. Let m be g(-36). Suppose -2*s + 5*l + 322 = 0, -161 = -s - 0*l + m*l. What is the tens digit of s?
6
Let p be (94/235)/(2/(-20)). What is the tens digit of -4 + p + 3*88?
5
Let m = -144555 + 203590. What is the tens digit of m?
3
Let p(c) = 2*c - 29. Let r be p(17). Suppose -3*g + 2*g = 5*x - 390, r*g = 3*x + 1866. What is the units digit of g?
5
Suppose 4*j - 348 - 486 = -3*o, 5*o - 2*j = 1390. Suppose 0*h - 2*h + o = 0. What is the hundreds digit of h?
1
Let y(p) = 74*p + 8959. What is the thousands digit of y(-23)?
7
Suppose -3*b + 14 + 13 = 0. Let i be (5 + 448)*7/(-42)*-2. Suppose -b - i = -m. What is the tens digit of m?
6
Let i(a) = -706*a + 3184. What is the ten thousands digit of i(-57)?
4
Let v = 6328 + -6312. What is the tens digit of v?
1
What is the hundreds digit of (-2)/16 + (3 - (-384961)/8)?
1
Suppose 5*g + 5*c = 10, -3*c = -g - 0*g - 10. Let u be ((-1)/(0 - g))/(-1). What is the units digit of (7 + -707)/(-5) - (-1 - u)?
2
Let n be (-6)/15 - 672/(-105). Suppose 2835 = n*s - s. What is the hundreds digit of s?
5
Let h = 137 + -103. Let i be (3 - h)*(-3)/1. Let n = i + -18. What is the units digit of n?
5
Suppose -13*p + 18*p - 317078 = -3*v, -190308 = -3*p + 5*v. What is the units digit of p?
1
Let m(p) = 4*p - 84. Let a be m(29). Suppose 6*n - 166 = a. What is the units digit of n?
3
Let z(k) = k**3 + 14*k**2 - 10*k + 122. Let y be z(17). Suppose 25*v = 32*v - y. What is the tens digit of v?
7
Let k = -1523 - -1527. Let w(h) be the third derivative of h**6/40 - h**5/30 - h**4/24 + 2*h**3/3 + 3*h**2. What is the units digit of w(k)?
0
What is the hundreds digit of (-4)/(-40) + 0 - ((-255897)/30 - -3)?
5
Let u be (-424)/(-6)*54/36. Suppose 11*r - u = 301. What is the tens digit of r?
3
What is the tens digit of (367800/120)/(4 - -1)?
1
Suppose 6*a = 9*a + 381. Let j = 39 - a. What is the units digit of j?
6
Let o(l) = -11*l**3 + l**2 + 20*l - 28. What is the tens digit of o(-7)?
5
Suppose -5*w + 72 = -w - 5*j, -4*w + 40 = 3*j. Suppose 4*p + 1764 = w*p. Suppose -2*k + p = 2*c, -k - c + 97 = c. What is the units digit of k?
9
Suppose -g - 1 = -4*b, -b - 13 = -3*g + 3*b. Let q = -537 - -1572. Suppose 0 = -g*a - 2*a + q. What is the tens digit of a?
1
Let n(r) = r**2 - 20*r + 93. Let m be n(15). Suppose 277 = w + m. What is the units digit of w?
9
Let z = -48 + 26. Let i = z + -14. Let k = 44 + i. What is the units digit of k?
8
Suppose 3*a = -d + 2*a + 3, 0 = 4*d - 5*a + 15. Suppose 4*m = 285 + 859. Suppose 0*r + 2*r - m = d. What is the tens digit of r?
4
Let v(y) = -y**3 - 16*y**2 + 18*y + 